{"id":1686,"date":"2021-02-12T17:27:37","date_gmt":"2021-02-12T16:27:37","guid":{"rendered":"http:\/\/www.pausefitforme.fr\/?page_id=1686"},"modified":"2022-03-14T16:13:47","modified_gmt":"2022-03-14T15:13:47","slug":"ab-dos","status":"publish","type":"page","link":"https:\/\/www.pausefitforme.fr\/?page_id=1686","title":{"rendered":"Ab \/ Dos"},"content":{"rendered":"\n<p><\/p>\n\n\n\n<p>Les cours <strong>AB\/DOS\/p\u00e9rin\u00e9e<\/strong> ou comment faire des abdos autrement !<br>Ont pour objectif de renforcer et muscler en profondeur la sangle abdominale sans pression sur le bas ventre,&nbsp;gr\u00e2ce \u00e0 des mouvements doux. La protection du dos et du p\u00e9rin\u00e9e sont les fils conducteurs de cette m\u00e9thode.<\/p>\n\n\n\n<p>En tant que v\u00e9ritable technicienne du mouvement, mouvement conscient, mouvement th\u00e9rapeutique, j&rsquo;ai beaucoup de plaisir \u00e0 enseigner cette m\u00e9thode, du Docteur de Gasquet, adapt\u00e9e \u00e0 tous. <\/p>\n\n\n\n<p>Elle nous invite \u00e0 reprendre petit \u00e0 petit le contr\u00f4le de notre sch\u00e9ma corporel et \u00e0 retrouver les sensations du souffle profond au service de la contraction musculaire. Cette m\u00e9thode soulage les maux du dos et permet de garder\/retrouver un tonus postural et une belle qualit\u00e9 de sangle abdominale.<\/p>\n\n\n\n<p>Cette m\u00e9thode est \u00e9galement un merveilleux outil au service de toutes celles et ceux qui n&rsquo;ont pas fait d&rsquo;activit\u00e9 physique depuis longtemps et souhaite s&rsquo;y remettre en douceur ainsi que pour les jeunes mamans souhaitant tonifier leur sangle abdominale sans pression sur le p\u00e9rin\u00e9e voire m\u00eame participer \u00e0 la r\u00e9\u00e9ducation du planch\u00e9 pelvien et enfin pour les plus sportif, sportive qui souhaite tonifier leur p\u00e9rin\u00e9e afin de limiter l&rsquo;impact des chocs li\u00e9es \u00e0 certaines pratiques physiques &#8212;&gt; ne rien s&rsquo;interdire mais trouver le bon \u00e9quilibre pour un corps en bonne forme.<\/p>\n\n\n\n<p>Le Yoga enseign\u00e9 \u00e0 L&rsquo;Institut Bernadette de Gasquet est une approche du <strong>Hatha Yoga<\/strong> o\u00f9 le travail du p\u00e9rin\u00e9e est associ\u00e9 \u00e0 la respiration dans toutes les postures.<br>\u00ab\u00a0Approche posturo-respiratoire\u00a0\u00bb, un yoga qui s&rsquo;adapte au rythme de chacun et aux capacit\u00e9s de chaque pratiquant.<br>C&rsquo;est une alternance d&rsquo;\u00e9tirements profonds et de tonification.<\/p>\n\n\n\n<p>Les postures ou encha\u00eenements, vont des plus \u00e9l\u00e9mentaires, accessibles \u00e0 tous, incluant les efforts de la vie quotidienne correctement r\u00e9alis\u00e9s, aux postures plus athl\u00e9tiques ou plus subtiles selon les besoins et les possibilit\u00e9s des participants.<\/p>\n\n\n\n<p><strong>Qui est le Docteur de Gasquet ?<\/strong><br><a href=\"https:\/\/www.degasquet.com\/histoire\/\">https:\/\/www.degasquet.com\/histoire\/<\/a><\/p>\n\n\n\n<p><strong>Les cours<\/strong><\/p>\n\n\n\n<p>Je d\u00e9cline la m\u00e9thode selon 2 types de cours diff\u00e9rents : <\/p>\n\n\n\n<ul class=\"wp-block-list\"><li>Abdos \/ Dos \/ P\u00e9rin\u00e9e<\/li><li>Yoga du DOS &amp; m\u00e9ditation<\/li><\/ul>\n\n\n\n<p>Les difficult\u00e9s sont amen\u00e9es progressivement pour un travail en douceur adapt\u00e9 au rythme de chacun.<\/p>\n\n\n\n<p><strong>QUAND<\/strong>&nbsp;?<\/p>\n\n\n\n<p>En&nbsp;<strong>cours priv\u00e9<\/strong>&nbsp;(solo ou duo) au Studio<br>En&nbsp;<strong>cours collectifs<\/strong>&nbsp;(cf planning des cours)<br><em><strong>Me contacter pour toutes demandes<\/strong><\/em><\/p>\n\n\n\n<p><\/p>\n","protected":false},"excerpt":{"rendered":"<p>Les cours AB\/DOS\/p\u00e9rin\u00e9e ou comment faire des abdos autrement !Ont pour objectif de renforcer et muscler en profondeur la sangle abdominale sans pression sur le bas ventre,&nbsp;gr\u00e2ce \u00e0 des mouvements doux. La protection du dos et du p\u00e9rin\u00e9e sont les fils conducteurs de cette m\u00e9thode. En tant que v\u00e9ritable technicienne du mouvement, mouvement conscient, mouvement &hellip;<\/p>\n<p class=\"read-more\"> <a class=\"\" href=\"https:\/\/www.pausefitforme.fr\/?page_id=1686\"> <span class=\"screen-reader-text\">Ab \/ Dos<\/span> Lire la suite\u00a0\u00bb<\/a><\/p>\n","protected":false},"author":1,"featured_media":1690,"parent":0,"menu_order":0,"comment_status":"closed","ping_status":"closed","template":"","meta":{"site-sidebar-layout":"default","site-content-layout":"default","ast-main-header-display":"","ast-hfb-above-header-display":"","ast-hfb-below-header-display":"","ast-hfb-mobile-header-display":"","site-post-title":"","ast-breadcrumbs-content":"","ast-featured-img":"","footer-sml-layout":"","theme-transparent-header-meta":"default","adv-header-id-meta":"","stick-header-meta":"","header-above-stick-meta":"","header-main-stick-meta":"","header-below-stick-meta":"","footnotes":""},"class_list":["post-1686","page","type-page","status-publish","has-post-thumbnail","hentry"],"_links":{"self":[{"href":"https:\/\/www.pausefitforme.fr\/index.php?rest_route=\/wp\/v2\/pages\/1686","targetHints":{"allow":["GET"]}}],"collection":[{"href":"https:\/\/www.pausefitforme.fr\/index.php?rest_route=\/wp\/v2\/pages"}],"about":[{"href":"https:\/\/www.pausefitforme.fr\/index.php?rest_route=\/wp\/v2\/types\/page"}],"author":[{"embeddable":true,"href":"https:\/\/www.pausefitforme.fr\/index.php?rest_route=\/wp\/v2\/users\/1"}],"replies":[{"embeddable":true,"href":"https:\/\/www.pausefitforme.fr\/index.php?rest_route=%2Fwp%2Fv2%2Fcomments&post=1686"}],"version-history":[{"count":3,"href":"https:\/\/www.pausefitforme.fr\/index.php?rest_route=\/wp\/v2\/pages\/1686\/revisions"}],"predecessor-version":[{"id":1941,"href":"https:\/\/www.pausefitforme.fr\/index.php?rest_route=\/wp\/v2\/pages\/1686\/revisions\/1941"}],"wp:featuredmedia":[{"embeddable":true,"href":"https:\/\/www.pausefitforme.fr\/index.php?rest_route=\/wp\/v2\/media\/1690"}],"wp:attachment":[{"href":"https:\/\/www.pausefitforme.fr\/index.php?rest_route=%2Fwp%2Fv2%2Fmedia&parent=1686"}],"curies":[{"name":"wp","href":"https:\/\/api.w.org\/{rel}","templated":true}]}}