{"id":434,"date":"2015-05-08T13:06:53","date_gmt":"2015-05-08T12:06:53","guid":{"rendered":"http:\/\/www.pausefitforme.fr\/?page_id=434"},"modified":"2018-08-03T16:58:06","modified_gmt":"2018-08-03T15:58:06","slug":"pause-creation-pilates","status":"publish","type":"page","link":"https:\/\/www.pausefitforme.fr\/?page_id=434","title":{"rendered":"Pause Cr\u00e9ation &#8211; Pilates"},"content":{"rendered":"<p style=\"text-align: justify;\"><span style=\"color: #800080;\">J&rsquo;en ai r\u00eav\u00e9, elles m&rsquo;ont aid\u00e9 \u00e0 les r\u00e9aliser !!!<\/span><\/p>\n<p style=\"text-align: justify;\"><span style=\"color: #800080;\">2 femmes artisans pour cr\u00e9er et confectionner les tous premiers accessoires Pilates Pause Fit&rsquo;forme.<\/span><\/p>\n<p style=\"text-align: justify;\"><span style=\"color: #800080;\">Fr\u00e9d\u00e9rique styliste pour la cr\u00e9ation et la confection\u00a0 et Claire designer textile pour les \u00e9tiquettes. <\/span><span style=\"color: #800080;\"><a href=\"http:\/\/www.pausefitforme.fr\/wp-content\/uploads\/2015\/05\/11194718_869980393074121_457795320_o.jpg\"><img loading=\"lazy\" decoding=\"async\" class=\" size-medium wp-image-428 alignright\" src=\"http:\/\/www.pausefitforme.fr\/wp-content\/uploads\/2015\/05\/11194718_869980393074121_457795320_o-300x215.jpg\" alt=\"11194718_869980393074121_457795320_o\" width=\"300\" height=\"215\" srcset=\"https:\/\/www.pausefitforme.fr\/wp-content\/uploads\/2015\/05\/11194718_869980393074121_457795320_o-300x215.jpg 300w, https:\/\/www.pausefitforme.fr\/wp-content\/uploads\/2015\/05\/11194718_869980393074121_457795320_o-1024x733.jpg 1024w, https:\/\/www.pausefitforme.fr\/wp-content\/uploads\/2015\/05\/11194718_869980393074121_457795320_o.jpg 2048w\" sizes=\"auto, (max-width: 300px) 100vw, 300px\" \/><\/a><\/span><\/p>\n<p style=\"text-align: justify;\"><span style=\"color: #800080;\">Et quand on r\u00e9unis l&rsquo;univers de <span style=\"color: #ff00ff;\"><strong><a style=\"color: #ff00ff;\" href=\"http:\/\/www.lachamelle.com\/\">La CHAMELLe<\/a><\/strong><\/span>, de <strong><span style=\"color: #ff00ff;\"><a style=\"color: #ff00ff;\" href=\"http:\/\/www.corail-indigo.com\/\">Corailindigo<\/a><\/span><\/strong> et du Pilates \u00e7a donne une collection color\u00e9e pleine de douceur \u00e0 l&rsquo;image de ce que je souhaitais offrir aux pratiquants.<\/span><\/p>\n<p><span style=\"color: #800080;\">Une premi\u00e8re collection de coussins Pilates, petits accessoires indispensables. On peut y poser la t\u00eate&#8230; On peut s&rsquo;installer sur le c\u00f4t\u00e9 pour soulager les cervicales et le bras avec le coussin Ginkgo &#8230; On peut m\u00eame s&rsquo;assoir dessus !<\/span><\/p>\n<p><span style=\"color: #800080;\">Un grand merci \u00e0 toutes les deux pour cette jolie cr\u00e9ation fran\u00e7aise et artisanale&#8230;<\/span><\/p>\n<h2 class=\"post-title\"><span style=\"color: #ff00ff;\"><a href=\"http:\/\/www.pausefitforme.fr\/wp-content\/uploads\/2015\/05\/atelier-la-chamelle.jpg\"><img loading=\"lazy\" decoding=\"async\" class=\"alignnone size-medium wp-image-429\" src=\"http:\/\/www.pausefitforme.fr\/wp-content\/uploads\/2015\/05\/atelier-la-chamelle-300x225.jpg\" alt=\"atelier la chamelle\" width=\"300\" height=\"225\" srcset=\"https:\/\/www.pausefitforme.fr\/wp-content\/uploads\/2015\/05\/atelier-la-chamelle-300x225.jpg 300w, https:\/\/www.pausefitforme.fr\/wp-content\/uploads\/2015\/05\/atelier-la-chamelle-1024x768.jpg 1024w\" sizes=\"auto, (max-width: 300px) 100vw, 300px\" \/><\/a><\/span><\/h2>\n","protected":false},"excerpt":{"rendered":"<p>J&rsquo;en ai r\u00eav\u00e9, elles m&rsquo;ont aid\u00e9 \u00e0 les r\u00e9aliser !!! 2 femmes artisans pour cr\u00e9er et confectionner les tous premiers accessoires Pilates Pause Fit&rsquo;forme. Fr\u00e9d\u00e9rique styliste pour la cr\u00e9ation et la confection\u00a0 et Claire designer textile pour les \u00e9tiquettes. Et quand on r\u00e9unis l&rsquo;univers de La CHAMELLe, de Corailindigo et du Pilates \u00e7a donne une &hellip;<\/p>\n<p class=\"read-more\"> <a class=\"\" href=\"https:\/\/www.pausefitforme.fr\/?page_id=434\"> <span class=\"screen-reader-text\">Pause Cr\u00e9ation &#8211; Pilates<\/span> Lire la suite\u00a0\u00bb<\/a><\/p>\n","protected":false},"author":1,"featured_media":596,"parent":0,"menu_order":0,"comment_status":"open","ping_status":"open","template":"","meta":{"site-sidebar-layout":"default","site-content-layout":"default","ast-main-header-display":"","ast-hfb-above-header-display":"","ast-hfb-below-header-display":"","ast-hfb-mobile-header-display":"","site-post-title":"","ast-breadcrumbs-content":"","ast-featured-img":"","footer-sml-layout":"","theme-transparent-header-meta":"","adv-header-id-meta":"","stick-header-meta":"","header-above-stick-meta":"","header-main-stick-meta":"","header-below-stick-meta":"","footnotes":""},"class_list":["post-434","page","type-page","status-publish","has-post-thumbnail","hentry"],"_links":{"self":[{"href":"https:\/\/www.pausefitforme.fr\/index.php?rest_route=\/wp\/v2\/pages\/434","targetHints":{"allow":["GET"]}}],"collection":[{"href":"https:\/\/www.pausefitforme.fr\/index.php?rest_route=\/wp\/v2\/pages"}],"about":[{"href":"https:\/\/www.pausefitforme.fr\/index.php?rest_route=\/wp\/v2\/types\/page"}],"author":[{"embeddable":true,"href":"https:\/\/www.pausefitforme.fr\/index.php?rest_route=\/wp\/v2\/users\/1"}],"replies":[{"embeddable":true,"href":"https:\/\/www.pausefitforme.fr\/index.php?rest_route=%2Fwp%2Fv2%2Fcomments&post=434"}],"version-history":[{"count":9,"href":"https:\/\/www.pausefitforme.fr\/index.php?rest_route=\/wp\/v2\/pages\/434\/revisions"}],"predecessor-version":[{"id":1288,"href":"https:\/\/www.pausefitforme.fr\/index.php?rest_route=\/wp\/v2\/pages\/434\/revisions\/1288"}],"wp:featuredmedia":[{"embeddable":true,"href":"https:\/\/www.pausefitforme.fr\/index.php?rest_route=\/wp\/v2\/media\/596"}],"wp:attachment":[{"href":"https:\/\/www.pausefitforme.fr\/index.php?rest_route=%2Fwp%2Fv2%2Fmedia&parent=434"}],"curies":[{"name":"wp","href":"https:\/\/api.w.org\/{rel}","templated":true}]}}